 derivative of y(g). Determine j(2).
18
Let s(g) = g**3 - 5*g**2 + 6*g - 4. Let i(j) = 46*j - 134. Let r be i(3). Calculate s(r).
4
Let w(x) = x + 7*x**2 - 1 + 79*x**3 - 8*x**2 - 83*x**3. Suppose 4*g + 23 = -2*a + 3*a, -3*g - 6 = 3*a. Let l = g + 6. Calculate w(l).
-5
Let o(j) = -j**2 + 8*j - 5. Let r(l) = 1. Let b(w) = 3*w + 6. Let a(i) = 2*b(i) + 2*r(i). Let g be a(-1). What is o(g)?
-5
Let r(m) = -m**2 - 7*m - 7. Suppose 2*p + 0*p + 2*f + 44 = 0, -2*p = -f + 32. Let s be -2 - (-5)/((-35)/(-56)). Let x be (-40)/s - p/27. Determine r(x).
-1
Let a(x) be the second derivative of x**4/12 - x**3/3 + 2*x**2 - 21*x. Let g be (18/12)/((-2)/4). Let j be 2*g/2*-1. Give a(j).
7
Let i(j) be the third derivative of j**6/120 - j**5/12 + 5*j**4/24 - 2*j**3/3 + 453*j**2. Give i(4).
0
Let y(c) = -5*c**3 - 2*c**2 - 2*c + 1. Let t be y(-1). Let p(k) = -2 - 3*k - 18*k**2 + 1 + 13*k**2 + t*k**2. Give p(4).
3
Let k(p) = p**2 + 13*p + 14. Suppose 78 = 138*j - 144*j. Calculate k(j).
14
Let k(z) = -z**2 + z - 6. Let v(h) = -h - 1. Let q be v(-1). Suppose -4*u - n - n = q, -n = u + 1. Let m be -1*(1 - (2 - u)). Calculate k(m).
-6
Suppose 0 = -2*r - 6 + 4. Let l be -5 + (2 - 1)*r. Let i(h) = h**2 + 4*h - 7. Calculate i(l).
5
Let p(q) = -q + 20. Let u(i) = i + 3. Let t(c) = p(c) - 6*u(c). Give t(-10).
72
Let x(w) = -w**3 + 3*w**2 + w + 8. Let n be x(4). Let s be (2 - 5)/(18/n + 4). Let j(b) = -b + 8. What is j(s)?
2
Let u(v) = -v + 10. Let s(t) be the first derivative of 5*t**2/2 - 39*t - 41. Let y(x) = -2*s(x) - 9*u(x). Determine y(0).
-12
Let z(p) be the second derivative of -p**4/12 - 7*p**3/3 - 5*p**2 + 2*p + 225. Give z(-10).
30
Let l(f) be the third derivative of f**4/12 + f**3/2 - 8*f**2 - 3*f. Calculate l(0).
3
Let u(j) be the second derivative of -27*j**5/20 - j**2/2 + 2*j + 48. Give u(-1).
26
Let t(j) = j**2 - 11*j + 6. Suppose 0 = -10*p + 7*p + 30. Give t(p).
-4
Let g be 2/(-3) + ((-1400)/15)/7. Let z(x) = x**3 + 15*x**2 + 14*x + 1. Calculate z(g).
1
Let c = 528 - 529. Let k(g) = -2*g**3 - g**2. Give k(c).
1
Let q(i) = 5*i + 3. Suppose 37*z - 4 = 33*z. Let m be 3 - (6 + -3)*z - 2. Give q(m).
-7
Let z(d) be the third derivative of d**8/6720 + d**7/630 - d**6/90 - d**5/24 - 5*d**4/24 - d**2. Let m(t) be the second derivative of z(t). Determine m(-5).
10
Let m(u) be the third derivative of u**5/30 - u**4/8 + u**3/3 - u**2. Suppose -i = 2*i - 45. Let z be i/10 - (3/(-6))/1. Give m(z).
4
Let r(p) = -22*p**2 - 12*p + 3. Let j(o) = 19*o**2 + 12*o - 3. Let g(t) = 7*j(t) + 6*r(t). Calculate g(-12).
-3
Let c(l) be the first derivative of -l**4/4 - 17*l**3/3 - 8*l**2 - 23*l + 503. Determine c(-16).
-23
Let h(f) = 21*f. Let w(y) = -11*y. Let a(k) = 4*h(k) + 7*w(k). Suppose 0 = 2*o + m + 3, 6*o = 3*o - m - 4. Determine a(o).
-7
Let z be 2/(-5) - 1 - 190/(-475). Let x(w) = -2*w + 1. Calculate x(z).
3
Let w(h) = -3 - 3 + 20*h**2 + 7*h - 13*h**2 + h**3 - 12*h**2. Determine w(4).
6
Suppose 0 = 3*c - 2*w + 20, 24 = -2*c + 6*w - 2*w. Let l(r) = 15*r + 1. Let v(a) = 2*a. Let b(u) = -2*l(u) + 14*v(u). Calculate b(c).
6
Suppose -16 = 4*s - 4. Let p be s*(-1)/3 + -3. Let q(m) be the second derivative of -m**3/3 - m**2/2 + 10*m. Give q(p).
3
Suppose -4*i - 24 = -4*g, 4*g + 4*i = 2 + 6. Let s be (14/g)/(19/(-38)). Let h(f) = f**2 + 7*f. Give h(s).
0
Let g(b) = -18*b + 8. Let y(u) = -3*u + 1. Let n(i) = g(i) - 5*y(i). Determine n(6).
-15
Let l(q) = 2*q**2 + 7*q. Let i be 6/10*-2*(-45)/(-18). What is l(i)?
-3
Let p(j) = j**3 - 5*j**2 + 2*j - 6. Let h = 14 - 9. What is p(h)?
4
Let l(f) = -6*f**2 + 0*f**2 + 0*f**2 - f**3 + 3 + 2*f**3. Let b be (36/42 - 0)*(11 + -4). Determine l(b).
3
Suppose 5*d + 30 = 50. Suppose -d = 2*q - 8. Let g(b) = -7*b**2 + 2*b + 3. Let s(v) = 6*v**2 - 2*v - 2. Let y(i) = -4*g(i) - 5*s(i). Calculate y(q).
-6
Let p(y) = -3*y**2 + 3*y - 3. Let i(k) = k**3 + 9*k**2 - 3*k + 3. Let q be i(0). Determine p(q).
-21
Let b(s) = 0 + 3 - s + 5*s - 1. Suppose 3*w - 2*w = 3. Suppose -5 = -z - w. Determine b(z).
10
Let g(p) = -p**2 + 11*p - 12. Suppose 24*l + 25*l = 441. Determine g(l).
6
Let i(w) = w - 1 + 2 - 2. Let m(n) = -6*n - 3. Let q be m(-2). What is i(q)?
8
Suppose 0 = -11*f - 75 + 262. Let i(q) = -26 + 8*q + f - 33*q + 8. Give i(-1).
24
Let q(b) = -b**3 + 3*b**2 + 3*b - 4. Let j(n) = n**3 - 6*n**2 + 3*n + 11. Let x be j(5). Let a(p) = -x + 8*p - 3*p - 1. Let c be a(1). Calculate q(c).
5
Let p(z) = -47 - z**2 + 24 + 24 - 5*z. Give p(-6).
-5
Let w = 8 + -4. Let l(g) = -5*g - 18. Let n(m) = 9 + 0 - 1 + 7*m - 3*m + 9. Let z(f) = w*n(f) + 3*l(f). Calculate z(-7).
7
Let z(v) be the third derivative of -v**5/15 + v**3/3 + 99*v**2. Give z(2).
-14
Let g(y) = 5 - 2*y**2 - 2*y + 3*y**2 - 2*y**2. Let u(x) be the third derivative of x**4/8 - 8*x**3/3 + 10*x**2. Let c be u(4). Give g(c).
-3
Let f(g) = 4753*g - g**3 - 5 - 11*g**2 + 5 - 4740*g + 17. What is f(-12)?
5
Let d(v) be the first derivative of v**2 + 8*v - 105. Determine d(-8).
-8
Suppose 5*p = 5*v + 2*p - 24, 3*v = 2*p + 15. Let k(h) be the first derivative of 2*h**2 - 4*h + 38. What is k(v)?
8
Let f(a) = 3*a**2 + 4*a - 2. Let o be f(-2). Let s(u) = 6*u - 16*u - u**o + 0*u. What is s(-10)?
0
Let b(i) = -i**3 + 10*i**2 + 2*i + 11. Let g(c) = 3*c - 5*c**2 + 2*c**3 - 7*c - 21 + 0*c - 14*c**2. Let t(m) = -11*b(m) - 6*g(m). Determine t(5).
-10
Let z be ((-1)/1)/(1/(-6)). Suppose -4*s - 123 = -131. Let r(n) = 4*n + 10*n - 5*n**2 + s + 8*n + n**3 - 27*n. Calculate r(z).
8
Let o(y) = y**2 + 9*y - 12. Let h be o(-10). Let q(c) = -2*c + c**3 + 3*c**2 + 4*c + c + 1. Calculate q(h).
-1
Suppose 0 = 43*p - 48*p + z - 14, -3 = 3*z. Let d(x) = -4*x - x**2 - x - 3 - 2*x**2. What is d(p)?
-15
Suppose 13 - 33 = -10*v. Suppose 26 = -v*m + 5*s, -4*s - 8 = -6*s. Let h(g) = -2*g**2 - 3*g + 3. Calculate h(m).
-6
Suppose -5*w - 5*b = -40, -5*w - b + 38 = -2. Let z(v) = v**2 - 9*v - 10. Give z(w).
-18
Let h(w) be the second derivative of 11*w**3/3 + 45*w. Determine h(1).
22
Let j be -7 + (3 - 1) - (-93)/18. Let y(s) be the second derivative of -7*s - j*s**3 + 0 - 7/2*s**2 + 1/12*s**4. What is y(0)?
-7
Let h(d) = 16*d - 29. Let m(o) = -3*o + 6. Let f(g) = 2*h(g) + 11*m(g). Calculate f(14).
-6
Let m(y) be the third derivative of 7*y**4/24 - y**3/2 + 747*y**2. Determine m(7).
46
Let i(h) = h**3 + 2*h**2 - 3*h - 1. Let v = -4 - -6. Suppose -v*o - 5*q + 24 = 0, 5 = 5*o + 4*q - 21. Let n be 1 + -2 + o/(-1). Determine i(n).
-1
Let w(n) = -17 + 9 + 6 + 4 + n + 8*n. Give w(-4).
-34
Let d(a) = -a**3 + 4*a**2 + 3*a + 4. Let m(v) = -v**2 + 5*v + 5. Let u be m(3). Suppose 0 = -4*l + 4*p + 16, 0 = 4*l + 5*p - 5 - u. Determine d(l).
16
Suppose -3*l = -27*l. Let r(q) = q**3 - 2*q + 1. Calculate r(l).
1
Let r(m) = 3*m**3 + 2*m**2 + m - 7. Let j(n) = -4*n**3 - n**2 - n + 8. Let a(p) = 4*j(p) + 5*r(p). Let s be a(6). Let f(g) = 0 - s + 2*g + 0. Give f(-3).
-9
Suppose 9 = -x + 4*x. Let r(k) = 0*k**x + 13*k**3 + 0*k**3 - 4*k**3 + 1 - 2*k. Determine r(1).
8
Let s(k) = 5*k + 2. Let q(t) = 10*t + 2. Let l(d) = 3*q(d) - 5*s(d). Give l(3).
11
Let x(b) = -b**3 + 5*b**2 + 7*b + 1. Suppose d + 10 = 9. Let l be -1*-6*d/(-1). Determine x(l).
7
Let d(r) = 6*r**3 - r**2 + 1. Suppose 0*p = -p + 1, 2*p = 2*i. Suppose 0 = y + 2 - i. Determine d(y).
-6
Suppose 2*p = -2*v + 2, -v - v - 5*p = 1. Suppose -v*o - 2*o + 12 = 0. Let x(z) = 6*z + 1. Determine x(o).
19
Let s be -3 - 5/5 - 28. Let n = s + 35. Let u(f) = -f**3 + 3*f**2 - 4*f + 2. What is u(n)?
-10
Suppose -5*g = 4*n - 23, -5*n + 0*g + 4 = -2*g. Let y(u) = u + n*u - 7*u - 7 + 2*u. Suppose -t + 6*t = -25. Give y(t).
3
Let h = -2252 + 2255. Let y(m) be the second derivative of 2*m**3/3 + 3*m**2/2 + 2*m. Let r(v) = -12*v - 8. Let b(k) = -3*r(k) - 8*y(k). Determine b(h).
12
Let j(r) = -92*r**2 + r + 5 + 182*r**2 - 92*r**2. Give j(-4).
-31
Let j(n) = 2*n**3 + n**2 - n - 1. Let h = 27 - 23. Suppose -2*o - 1 = -13. Suppose -2*l + h = -o*l. Calculate j(l).
-1
Let j(c) = 2*c**2 + c - 16. Let d be j(3). Let l(t) be the second derivative of -t**4/12 + t**3 + t**2/2 + 2*t. Give l(d).
6
Let r(y) = -18*y**3. Suppose 13 = 22*p - 9. Determine r(p).
-18
Suppose 3*z = -3*m - 8 - 1, 5*m - 2*z + 1 = 0. Let u(p) = -19*p**2 + 2*p + 1. Give u(m).
-20
Let m = 2 - -1. Let i(n) = -6*n**2 - 2 + 2*n**3 + 7*n - n**m - 2. Let z(q) = -4*q**2 + 77*q - 289.